at is -1 + 112457?
112456
In base 13, what is b8 + 656?
741
In base 3, what is 22000112201 + 200?
22000120101
In base 9, what is -1150737 + -4?
-1150742
In base 12, what is -b6a38 + 3?
-b6a35
In base 7, what is 52 - 606423?
-606341
In base 12, what is 27 + 30a?
335
In base 4, what is -1232201 - 20?
-1232221
In base 10, what is -37 + -3?
-40
In base 11, what is -3938 + 56?
-3892
In base 11, what is -329287 - -7?
-329280
In base 11, what is 29 + 187?
205
In base 2, what is -10011010100 + -10111010?
-10110001110
In base 11, what is 683 - -28?
700
In base 5, what is 34 + 41340?
41424
In base 12, what is -28ba + -124?
-2a22
In base 5, what is -330320430 + 4?
-330320421
In base 5, what is 0 + -402040?
-402040
In base 2, what is 110110 - -10111000000010?
10111000111000
In base 12, what is 67 - 141?
-96
In base 7, what is 2425466 + -4?
2425462
In base 7, what is -3 + 22301?
22265
In base 14, what is -161 - -12b3?
1152
In base 7, what is 34 - 41400?
-41333
In base 3, what is 101010022210 + -2?
101010022201
In base 9, what is 778 - 10701?
-8812
In base 13, what is 97a4 - -1c?
97c3
In base 14, what is 5a53 - 1c?
5a35
In base 13, what is 43 - -337?
37a
In base 14, what is -1b355a + 0?
-1b355a
In base 7, what is 1 + -34401?
-34400
In base 3, what is 200110202 + 10?
200110212
In base 15, what is 6 + 1683b?
16842
In base 7, what is 10402 - 204?
10165
In base 16, what is -403 + 49?
-3ba
In base 6, what is 330125 + 4?
330133
In base 3, what is 1 - 201201002120?
-201201002112
In base 11, what is 91a6 + 7?
9202
In base 13, what is -10 + -c852?
-c862
In base 6, what is 213123 - -134?
213301
In base 15, what is 1405ce - -2?
1405d1
In base 2, what is -1 + 101101001011110111?
101101001011110110
In base 7, what is -41121 + 405?
-40413
In base 8, what is 1577504 - -1?
1577505
In base 3, what is 200 + 11221210201?
11221211101
In base 5, what is 14043100 + 1?
14043101
In base 8, what is -2 - -2615774?
2615772
In base 3, what is 12111101211 + 10?
12111101221
In base 2, what is 1001100111 + -1000011010?
1001101
In base 8, what is -23 - 11316?
-11341
In base 7, what is -15203 + -5?
-15211
In base 9, what is -21 + -1631?
-1652
In base 15, what is 249 + -1da8?
-1b5e
In base 2, what is -11110010100011 - -1001?
-11110010011010
In base 8, what is 25 + 7575?
7622
In base 14, what is -250c2b + 1?
-250c2a
In base 2, what is -101000011000 - 101110?
-101001000110
In base 16, what is -16dbf - -3?
-16dbc
In base 3, what is 110 + 12211202111?
12211202221
In base 3, what is -2000 - 21212?
-100212
In base 13, what is -7c124c - 2?
-7c1251
In base 5, what is -231 + 13321?
13040
In base 15, what is -1a0e + a?
-1a04
In base 7, what is 4 - -2160203?
2160210
In base 8, what is -4 - -50555?
50551
In base 15, what is -6 - 2ed3?
-2ed9
In base 8, what is 0 + -4231?
-4231
In base 15, what is 293 - -57?
2ea
In base 7, what is -3150 + 565?
-2252
In base 13, what is -1 - -39bc6?
39bc5
In base 2, what is 1010000110100 + -10?
1010000110010
In base 11, what is -50056 + -8?
-50063
In base 3, what is -21120202 - -11?
-21120121
In base 3, what is -2110021010202 + 10?
-2110021010122
In base 5, what is 14000332 + -4?
14000323
In base 14, what is 4a7 - 78?
42d
In base 12, what is 5 - -2a18?
2a21
In base 9, what is 1263 - -528?
1802
In base 6, what is 1401530 - -5?
1401535
In base 3, what is 2111 + -2201011?
-2121200
In base 15, what is 3 - 1132c?
-11329
In base 14, what is -1ca + 173?
-57
In base 16, what is -11 - -ef?
de
In base 8, what is -35717 + -2?
-35721
In base 5, what is 111423131 + 2?
111423133
In base 10, what is 295 + 1612?
1907
In base 7, what is -2 - -354120?
354115
In base 14, what is 0 + -17b5b?
-17b5b
In base 9, what is -17 - -37530?
37512
In base 14, what is -5699c4 - -5?
-5699bd
In base 12, what is 43 + -74b?
-708
In base 10, what is -51 - -19643?
19592
In base 6, what is 5 - 111014?
-111005
In base 15, what is 7 + -110?
-108
In base 9, what is 108478 - 0?
108478
In base 5, what is -134031 + 41?
-133440
In base 7, what is 132 - -66?
231
In base 7, what is 53 + 11544?
11630
In base 11, what is 18616 + 10?
18626
In base 5, what is -1322 + -140120?
-141442
In base 6, what is 11142032 + -2?
11142030
In base 6, what is -3022 + -2452?
-5514
In base 16, what is 9 - -112f?
1138
In base 11, what is -8 + -8a069?
-8a076
In base 4, what is -233 - -1122321?
1122022
In base 7, what is -23 + 204355?
204332
In base 12, what is 22644 - -3?
22647
In base 15, what is -2 - 156d87?
-156d89
In base 4, what is 233230333 - -2?
233231001
In base 4, what is -1 + 21103322?
21103321
In base 9, what is -10864 - -355?
-10508
In base 10, what is 0 + 998362?
998362
In base 5, what is 0 - -104133002?
104133002
In base 9, what is -30 - 152774?
-152814
In base 5, what is -2 + 110023?
110021
In base 13, what is 71209 - 7?
71202
In base 14, what is 7dd - -b30?
152d
In base 16, what is -20a4 - 6a?
-210e
In base 7, what is 22463 + 41?
22534
In base 15, what is 45 + 1180?
11c5
In base 12, what is -3 + -47b80?
-47b83
In base 5, what is 402014 + -414?
401100
In base 12, what is 304 - -145?
449
In base 9, what is 32427 + 4?
32432
In base 9, what is -1221 + -66?
-1287
In base 15, what is -221 - -55?
-1bb
In base 16, what is 1e56e - -2?
1e570
In base 12, what is b537 - -3?
b53a
In base 2, what is 11 + -10100101101000101?
-10100101101000010
In base 9, what is -1 - -334008?
334007
In base 8, what is -314 + 3?
-311
In base 2, what is 100000001000101 - -1101010?
100000010101111
In base 2, what is 1001010010111011110 + 1101?
1001010010111101011
In base 15, what is e983e - -4?
e9843
In base 2, what is -1010000001000101000 + 1?
-1010000001000100111
In base 8, what is -114006 + 5?
-114001
In base 5, what is -12 + 1321401?
1321334
In base 16, what is -c72c - 4?
-c730
In base 15, what is 2 + -1d205?
-1d203
In base 11, what is -139431 + -9?
-13943a
In base 7, what is -23215 - -102?
-23113
In base 15, what is 23b9 + 13?
23cc
In base 12, what is 1 - -79085?
79086
In base 3, what is -11 + -11122111200?
-11122111211
In base 11, what is -1 - 30534?
-30535
In base 16, what is 3 + -1264?
-1261
In base 5, what is 10 - 3443?
-3433
In base 14, what is -60 + -412d?
-418d
In base 10, what is -16684 + -67?
-16751
In base 6, what is 54014442 + -1?
54014441
In base 9, what is -103 - -360?
256
In base 6, what is 4 - -24245105?
24245113
In base 11, what is -324 + 8a3?
57a
In base 9, what is -2 - -14361?
14358
In base 9, what is -1358 - 55?
-1424
In base 2, what is -111 + -1011110011011011?
-1011110011100010
In base 2, what is 10011000011000111 + -100010?
10011000010100101
In base 2, what is -1011100110 + -1110110?
-1101011100
In base 12, what is 0 - 12515?
-12515
In base 10, what is 154894 - -6?
154900
In base 14, what is c82b - 2?
c829
In base 4, what is -11 - -1022033001?
1022032330
In base 8, what is 571 - 10001?
-7210
In base 15, what is -4c3100 + 4?
-4c30eb
In base 13, what is -46 - 843b?
-8484
In base 2, what is -1011101111 - -110001111001?
100110001010
In base 16, what is -1b - -275?
25a
In base 14, what is 24 - 223?
-1dd
In base 3, what is -112202101111200 - 11?
-112202101111211
In base 12, what is -17 - 44?
-5b
In base 14, what is c360 + -9?
c355
In base 16, what is 1 + -296a?
-2969
In base 7, what is 64 + -155430?
-155333
In base 6, what is 131501 + 53?
131554
In base 9, what is 2236 + 7?
2244
In base 14, what is -17a44 - -5?
-17a3d
In base 15, what is -5ce0 - -8?
-5cd7
In base 13, what is 5 + aa06?
aa0b
In base 5, what is -144233 + -123?
-144411
In base 9, what is 0 - -1161731?
1161731
In base 16, what is -16 + -9bda?
-9bf0
In base 15, what is -15340 + -1?
-15341
In base 8, what is -15 + 4417?
4402
In base 3, what is 10 - 1111012101?
-1111012021
In base 16, what is -2d + df?
b2
In base 8, what is 2 - 127513?
-127511
In base 2, what is -10100100110 - 11000011?
-10111101001
In base 16, what is -2754 - -15a?
-25fa
In base 9, what is 0 - -2177?
2177
In base 8, what is 5735 + -26?
5707
In base 8, what is 5 - -10207?
10214
In base 2, what is 10100000110 + -1101001010?
110111100
In base 14, what is -1dc + 3?
-1d9
In base 10, what is 13 + -2005?
-1992
In base 12, what is -50309 + 1?
-50308
In base 11, what is 0 + -34453?
-34453
In base 10, what is -29 + -1780?
-1809
In base 12, what is -943 + 113?
-830
In base 7, what is -156131 - 6?
-156140
In base 5, wha